 137, 34649
What are the prime factors of 41102664?
2, 3, 41, 41771
What are the prime factors of 2987445?
3, 5, 277, 719
What are the prime factors of 1386833?
7, 67, 2957
What are the prime factors of 6096748?
2, 7, 23, 9467
What are the prime factors of 1255407?
3, 31, 13499
What are the prime factors of 2539655?
5, 59, 8609
List the prime factors of 2196433.
2196433
List the prime factors of 9697665.
3, 5, 149, 4339
List the prime factors of 759936.
2, 3, 1979
What are the prime factors of 27528845?
5, 5505769
List the prime factors of 1634600.
2, 5, 11, 743
What are the prime factors of 21523731?
3, 59, 277, 439
List the prime factors of 1858471.
1319, 1409
List the prime factors of 1509689.
61, 24749
List the prime factors of 965976.
2, 3, 11, 3659
What are the prime factors of 249068?
2, 71, 877
What are the prime factors of 106000?
2, 5, 53
List the prime factors of 21460718.
2, 401, 26759
List the prime factors of 27493.
19, 1447
What are the prime factors of 7104093?
3, 157, 15083
What are the prime factors of 2733246?
2, 3, 151847
List the prime factors of 259175.
5, 7, 1481
List the prime factors of 475323.
3, 19, 31, 269
What are the prime factors of 7703247?
3, 2567749
What are the prime factors of 203078?
2, 59, 1721
What are the prime factors of 3179647?
29, 83, 1321
List the prime factors of 27035375.
5, 313, 691
List the prime factors of 619351.
89, 6959
List the prime factors of 513506.
2, 7, 43, 853
List the prime factors of 54050.
2, 5, 23, 47
List the prime factors of 69159.
3, 23053
What are the prime factors of 2022047?
2022047
What are the prime factors of 3159568?
2, 59, 3347
What are the prime factors of 789499?
839, 941
List the prime factors of 2461797.
3, 13, 53, 397
List the prime factors of 359818.
2, 179909
What are the prime factors of 10334888?
2, 1291861
List the prime factors of 24557514.
2, 3, 23, 177953
List the prime factors of 18691.
18691
List the prime factors of 2638894.
2, 137, 9631
List the prime factors of 21415227.
3, 7138409
List the prime factors of 838901.
7, 37, 41, 79
What are the prime factors of 356629?
7, 13, 3919
List the prime factors of 1546390.
2, 5, 59, 2621
What are the prime factors of 2655520?
2, 5, 7, 2371
List the prime factors of 3421563.
3, 31, 36791
What are the prime factors of 38463?
3, 12821
List the prime factors of 6024340.
2, 5, 7, 37, 1163
What are the prime factors of 302041?
367, 823
What are the prime factors of 539483?
7, 77069
What are the prime factors of 3639899?
797, 4567
What are the prime factors of 3268681?
13, 251437
List the prime factors of 132408.
2, 3, 613
What are the prime factors of 22147723?
13, 1051, 1621
What are the prime factors of 185947?
185947
What are the prime factors of 1177953?
3, 7, 56093
List the prime factors of 7236827.
13, 556679
List the prime factors of 675974.
2, 13, 25999
List the prime factors of 1871953.
521, 3593
List the prime factors of 159792.
2, 3, 3329
List the prime factors of 288761.
11, 26251
List the prime factors of 3452113.
7, 493159
List the prime factors of 378330.
2, 3, 5, 12611
List the prime factors of 14723657.
13, 23, 2141
What are the prime factors of 2368638?
2, 3, 131591
List the prime factors of 1292301.
3, 23, 2081
What are the prime factors of 59960?
2, 5, 1499
List the prime factors of 215282.
2, 107641
List the prime factors of 3596231.
17, 211543
List the prime factors of 1116085.
5, 223217
List the prime factors of 36575.
5, 7, 11, 19
What are the prime factors of 309661?
11, 28151
What are the prime factors of 355687?
401, 887
What are the prime factors of 31328411?
31328411
List the prime factors of 12282150.
2, 3, 5, 37, 2213
List the prime factors of 1003779.
3, 7, 47, 113
What are the prime factors of 1376146?
2, 688073
What are the prime factors of 69924?
2, 3, 5827
List the prime factors of 295378.
2, 147689
List the prime factors of 2505006.
2, 3, 7, 47
List the prime factors of 9660140.
2, 5, 7, 69001
List the prime factors of 3419437.
7, 179, 2729
What are the prime factors of 376379?
43, 8753
List the prime factors of 100260.
2, 3, 5, 557
What are the prime factors of 10604598?
2, 3, 113, 15641
List the prime factors of 18378.
2, 3, 1021
List the prime factors of 76256.
2, 2383
List the prime factors of 1678408.
2, 209801
List the prime factors of 288878.
2, 144439
What are the prime factors of 1405055?
5, 151, 1861
List the prime factors of 1760134.
2, 880067
List the prime factors of 3907594.
2, 419, 4663
List the prime factors of 7711925.
5, 13, 61, 389
What are the prime factors of 920470?
2, 5, 83, 1109
What are the prime factors of 1795611?
3, 598537
What are the prime factors of 165588?
2, 3, 13799
What are the prime factors of 319260?
2, 3, 5, 17, 313
What are the prime factors of 1529249?
1529249
What are the prime factors of 11476?
2, 19, 151
What are the prime factors of 613170?
2, 3, 5, 757
List the prime factors of 14558472.
2, 3, 202201
List the prime factors of 41276.
2, 17, 607
What are the prime factors of 1184953?
7, 11, 1399
What are the prime factors of 286491?
3, 29, 37, 89
List the prime factors of 80307.
3, 8923
List the prime factors of 92730.
2, 3, 5, 11, 281
List the prime factors of 5894497.
7, 842071
List the prime factors of 256587.
3, 31, 89
List the prime factors of 19632821.
13, 1510217
List the prime factors of 10414647.
3, 1157183
List the prime factors of 14130437.
14130437
What are the prime factors of 358797?
3, 199, 601
What are the prime factors of 2124240?
2, 3, 5, 53, 167
What are the prime factors of 871244?
2, 11, 19801
List the prime factors of 1761988.
2, 440497
What are the prime factors of 379256?
2, 47407
List the prime factors of 75916.
2, 18979
What are the prime factors of 29166327?
3, 3240703
List the prime factors of 6406550.
2, 5, 37, 3463
List the prime factors of 2068565.
5, 413713
What are the prime factors of 471959?
471959
What are the prime factors of 34520357?
43, 802799
List the prime factors of 1754852.
2, 11, 39883
List the prime factors of 1658009.
1658009
What are the prime factors of 553551?
3, 184517
What are the prime factors of 3865677?
3, 1288559
List the prime factors of 21025255.
5, 1051, 4001
What are the prime factors of 299320?
2, 5, 7, 1069
What are the prime factors of 20465730?
2, 3, 5, 229, 331
What are the prime factors of 45326?
2, 131, 173
What are the prime factors of 4649200?
2, 5, 59, 197
What are the prime factors of 982248?
2, 3, 40927
List the prime factors of 984689.
984689
List the prime factors of 4331140.
2, 5, 11, 19687
What are the prime factors of 215918?
2, 47, 2297
What are the prime factors of 7261945?
5, 113, 12853
List the prime factors of 13651501.
31, 440371
List the prime factors of 9235451.
1597, 5783
What are the prime factors of 10323598?
2, 5161799
What are the prime factors of 169791?
3, 56597
What are the prime factors of 1285422?
2, 3, 214237
What are the prime factors of 25940067?
3, 23, 61, 6163
What are the prime factors of 2750521?
59, 46619
List the prime factors of 396535.
5, 71, 1117
What are the prime factors of 3661613?
17, 215389
What are the prime factors of 29915345?
5, 5983069
What are the prime factors of 437370?
2, 3, 5, 61, 239
List the prime factors of 16055964.
2, 3, 653, 683
List the prime factors of 374550.
2, 3, 5, 11, 227
List the prime factors of 547511.
601, 911
List the prime factors of 401654.
2, 11, 18257
What are the prime factors of 7734?
2, 3, 1289
List the prime factors of 264714.
2, 3, 44119
List the prime factors of 62631.
3, 6959
List the prime factors of 154530.
2, 3, 5, 17, 101
What are the prime factors of 1357504?
2, 21211
List the prime factors of 20228925.
3, 5, 269719
List the prime factors of 1447795.
5, 289559
What are the prime factors of 21270358?
2, 569, 18691
List the prime factors of 2025489.
3, 675163
What are the prime factors of 1692067?
13, 73, 1783
What are the prime factors of 165155?
5, 17, 29, 67
List the prime factors of 7576341.
3, 2525447
What are the prime factors of 326818?
2, 163409
What are the prime factors of 16351257?
3, 13, 32251
List the prime factors of 211845.
3, 5, 29, 487
What are the prime factors of 865035?
3, 5, 47, 409
What are the prime factors of 46137?
3, 7, 13
List the prime factors of 329395.
5,